s l(c)?
10
Let a(i) = 6*i + 3. Suppose 5*x = -2*d + 54, -2*x + 10*d = 5*d - 10. Suppose -5*r + 31 = -14*b + x*b, 8 = -5*b - 4*r. Give a(b).
-21
Let y(g) be the second derivative of g**4/6 + 14*g**3/3 - 19*g**2/2 + 2734*g. Determine y(-15).
11
Suppose -99 = -22*c - 11. Let d(k) = -99 + 205 - 107 - k - c*k**2 + 2*k**3. Determine d(3).
14
Let t(w) be the second derivative of w**4/12 - 11*w**3/6 - 2*w**2 + 4*w. Let h(p) = 2*p**3 - 7*p**2 - 12*p - 4. Let g be h(5). Determine t(g).
-4
Let p(o) be the first derivative of -20*o**2 + o - 13209. What is p(1)?
-39
Let l(h) = -14*h**3 - 2*h + 1. Let w be 14 + (-4)/12*3. Suppose 3*c + w*c - 16 = 0. Give l(c).
-15
Let l be 80 + -75 + ((-792)/60 - 8/10). Let d(r) = -r**2 - 8*r + 1. Let n(k) = 2*k**2 + 16*k - 1. Let f(m) = 13*d(m) + 6*n(m). What is f(l)?
-2
Suppose 0 = 5*z - 5*x + 10, -9 = 3*z - 4*x + 1. Let m(p) = -4*p + 2*p**3 + 15*p - 8*p - 5*p**2. Let h be m(z). Let t(b) = -3*b + 3. Calculate t(h).
-3
Let r(t) be the first derivative of -20*t**2 - 239*t + 2605. Determine r(-6).
1
Suppose -5*u + 52 = -2*g, -u = g + 3*g + 126. Let c = g - -31. Let b(t) = 12*t - 4*t + c*t + 1 - 7*t. What is b(-5)?
-4
Let h(u) = 43*u + 170. Let b(t) = 2*t + 24. Let r(y) = -2*b(y) + h(y). Calculate r(-3).
5
Let t(r) = -26*r + 57. Let y(o) = 53*o - 120. Let p(v) = 11*t(v) + 6*y(v). Give p(3).
3
Let t = -94 - -158. Let a = -57 + t. Suppose -4*c - 29 = 5*o, 2 = -5*c + 2*o + a. Let i(h) = 2*h**2. Give i(c).
2
Suppose 308*o + 4 = 306*o. Let v(r) = -2*r - 11. Give v(o).
-7
Let n(l) = -l**2 + 8*l - 3. Let c = -1173 + 1176. Let q(z) = 2*z - 3*z - 1 + z**3 - 3*z - z**2. Let k be q(c). What is n(k)?
12
Let i(g) = -g**3 + 10*g**2 + 21*g + 12. Let h be 5/(-3) + 1 + 39330/3105. Give i(h).
-24
Let k(t) = t**2 + 45*t - 191. Let w be k(4). Let r(j) = -j**3 + 4*j**2 + 4*j + 7. Give r(w).
2
Let b = 5653 + -5662. Let m(u) = -5*u + 2. Let a(v) = -v. Let h(f) = 4*a(f) - m(f). Give h(b).
-11
Suppose -170 = -0*c - 3*c + 4*w, 4*w + 270 = 5*c. Let d = -46 + c. Let l(r) = d*r**3 - 4 - 5*r**3 - 7*r - 1 + 39*r**2 - 31*r**2. Give l(7).
-5
Let d(c) = -2*c**3 + 2*c**2 - 1. Let q be d(-1). Let u(x) = -3 - 5*x**2 + 23*x**3 + 5*x - 10*x**3 - 11*x**q. Suppose -6 + 15 = 3*r. What is u(r)?
21
Let c = -94 + 97. Let r(o) = o**2 - 12*o - 11. Let d(z) = -2*z**2 + 13*z + 11. Let a(g) = c*r(g) + 2*d(g). What is a(-9)?
-2
Let l(f) = -344*f + 2414. Let h be l(7). Let c(n) = 2*n**2 - 7*n - 9. What is c(h)?
21
Let n = -62 + 67. Suppose 5*q = n*p - 15, -5*p = -0*q - 4*q - 8. Let o(v) = -v + 1. Calculate o(q).
8
Let o(v) = -3*v**2 - 17*v - 8. Let z be o(-5). Let r(d) = 1 - z + 3484*d - 3483*d. Let h(s) = s**3 - 3*s**2 + 2*s - 4. Let n be h(3). What is r(n)?
1
Let j be (8/(-14))/(240/(-35) + 7). Let b = -1 - -4. Let t(n) = -b - 4 + 1 - n. Calculate t(j).
-2
Let n(y) = -30*y - 40. Let c(b) = -9*b - 13. Let o(p) = -14*c(p) + 4*n(p). What is o(-8)?
-26
Let c(l) = -4*l + 2. Let x(o) = -18*o + 16. Let d(y) = 5*c(y) - x(y). Calculate d(-2).
-2
Let v(f) = -f**3 - 8*f**2 + 9*f + 10. Let w be 33 - (-4554)/(-110) - 4/(-10). Determine v(w).
-62
Let r = -2066 + 2062. Let w(z) = z**2 + 2*z - 5. Determine w(r).
3
Let y(v) be the first derivative of v**2 - 4*v + 2. Let o be 16/28*(-28)/8. Determine y(o).
-8
Let g = 34664 + -34668. Let h(u) = u**3 + u**2 - 13*u - 20. Give h(g).
-16
Let c(h) = h**2 + 11*h - 2. Suppose 169*s = -936 + 91. Give c(s).
-32
Let z(h) = -20*h - 54. Let d be z(-3). Let j(r) = r**3 - 9*r**2 + 9*r + 6. What is j(d)?
-48
Let u(a) = 19*a - 8. Let j(g) = 7*g - 3. Suppose d = 5*n - 29, -3*n - 2*n = 4*d - 9. Let v(i) = d*u(i) + 11*j(i). Give v(4).
3
Let q(x) = 25*x + 153. Suppose 4*h = -f - 2, -2*f - 34 + 19 = -3*h. Calculate q(f).
3
Let y(m) = -m**3 - m**2 - 2*m - 3. Let g(d) = -d + 30. Let o be g(27). Suppose o*x - 8 = 2*a - x, 5*a + 2*x = 28. Suppose 17 - 9 = -a*f. Determine y(f).
5
Let y(u) = -14*u - 316. Suppose 98*p + 5323 - 3069 = 0. Give y(p).
6
Let w(m) = -m**2 - 10*m + 1. Let k be (-236)/(-13) - (165/143 - 1). Suppose 228 = -k*z + 66. What is w(z)?
10
Let j(l) = 4*l**3 - 11*l**2 - 7*l + 28. Let c(k) = -9*k**3 + 23*k**2 + 13*k - 59. Let f(m) = -3*c(m) - 7*j(m). Determine f(9).
-10
Let s(d) = -d**3 - 6*d**2 - 5*d + 4. Let x(n) = 7*n**3 + 2*n**2 - 3*n + 2. Suppose 4*m = g + m + 14, 0 = 2*m - 10. Let c be x(g). Let r = c + -13. What is s(r)?
4
Let r(o) = -o**2 + 18*o + 4. Let a be r(18). Let k be a - (18/2)/3. Let l(p) = -1 - 2*p**2 - 6*p**3 + 6*p**3 - 509*p - 2*p**3 + 511*p - 3*p**3. Determine l(k).
-6
Suppose -3*n + 34 = 14*n. Let g be n/(-4) - (-70)/20. Let v(h) = -h**2 - 5*h + 2. What is v(g)?
-22
Let j be (1 + 3)/(-4)*-43. Suppose 5*s - 47 = j. Suppose 0 = 2*k - u - u - s, 0 = k - 5*u - 21. Let b(o) = -o**3 + 6*o**2 + 4. Calculate b(k).
4
Let q(c) be the second derivative of -7*c**5/120 - c**4/12 + 23*c**3/2 - 11*c + 5. Let s(n) be the second derivative of q(n). Determine s(-3).
19
Suppose n - 97 = -5*f, 4*n + 4*f = 6*n - 208. Let t be (-78)/4*n/17. Let v = t - -116. Let o(i) = 6*i**2 + 1. Give o(v).
7
Let m = 59 - 45. Let y be 40/35*m/4. Let n(j) = 3*j**3 - 9*j**2 - 6*j - 6. Let z(o) = o**3 - 3*o**2 - 2*o - 2. Let u(v) = 3*n(v) - 8*z(v). Determine u(y).
6
Let j = 4 + -7. Let c(x) = x**2 + 15*x - 47. Let g be c(3). Let s(z) = -10*z**2 + 4*z + 8*z**3 - 1 - 10*z**3 + 3*z**3 + g*z**2 + 7*z**2. Determine s(j).
-4
Let d(r) = 26*r + 172. Suppose -8*i + 4*f = 28, -20*i - 3*f + 14 = -25*i. What is d(i)?
-10
Suppose 0 = 2*f - x - 11, 5*f + x - 38 = -0*x. Let n(l) = -99 - 95 + 190 - 6*l - 6*l**2 + l**3. What is n(f)?
3
Let q be (8 + 368/12)*3/2. Let s = 60 - q. Suppose s*i - 17 = -1. Let m(n) = -n + 5. Give m(i).
-3
Let k(a) = -15*a + 11. Let y(i) = i + 2. Let x(q) = k(q) - 5*y(q). Let n(h) = -3*h. Let u(j) = 21*n(j) - 3*x(j). Give u(-5).
12
Suppose 4*h = -2*s + 24, 3*h - 505*s - 13 = -509*s. Let k(l) = -l**3 + 6*l**2 + 9. Calculate k(h).
-40
Let c(w) be the first derivative of -w**5/30 - w**4/8 + 2*w**3/3 + 7*w**2 - w - 41. Let z(q) be the second derivative of c(q). Give z(-3).
-5
Let g(m) = -2*m - 185. Let d(x) = -198. Let r(v) = -4*d(v) + 3*g(v). Give r(38).
9
Let o(q) = q**2 + 2*q + 6. Suppose -16*h - 7 = -7. What is o(h)?
6
Suppose 1597*x - 11 = 1586*x. Let b(z) = -13*z - 1. Determine b(x).
-14
Let y = -1207 - -1196. Let c(z) be the second derivative of z**3/6 + 4*z**2 + z. Give c(y).
-3
Let b(x) = 7*x**3 - 12*x**2 - 6*x + 3. Let v(c) = 2*c**3 + c**2 - 1059 + 1060 - 3*c**3. Let s(w) = b(w) + 6*v(w). What is s(7)?
16
Let y(d) = 2*d**2 + 24*d + 22. Let m be y(-11). Suppose 42 = -7*w - m. Let b(h) = h**3 + 6*h**2 - h - 2. Calculate b(w).
4
Let c(w) = -w - 2. Suppose 5*s = 4*f + 2239, -452 = s - 2*s + 5*f. Suppose 0 = -u - 445 + s. Calculate c(u).
-4
Let j(c) = c**3 + 11*c**2 + 7*c - 9. Suppose 2*n = 5*y + 38, -324 = -2*y - n - 350. Give j(y).
21
Suppose 6 = m - 14. Suppose -10 = 5*q - 5*k, -13*q + 15*q - m = -4*k. Let h(i) be the first derivative of i**3/3 + i**2/2 - 6. Give h(q).
6
Let t be (-2 + 7)*6/5. Suppose 25 = 185*r - 180*r. Let u(f) = r - f**2 + 10 - 15 + 6*f. Calculate u(t).
0
Let p(l) = 2*l**3 + 2*l**2 - 6*l + 6. Let g(o) = 3*o**3 + 5*o**2 - 11*o + 9. Let w(a) = 3*g(a) - 5*p(a). Calculate w(3).
6
Let b(n) = -280*n - 78 + 90 + 289*n. Calculate b(-4).
-24
Let y(b) = -55*b**2 + 84*b + 2. Let d(i) = 41*i**2 - 64*i - 2. Let c(m) = -4*d(m) - 3*y(m). Suppose 5*g + 17 = -8. Determine c(g).
7
Let w(h) = h**3 + 2*h + 1. Let u(i) = i**3 - 4*i**2 + 4*i + 13. Let f be u(6). Let l be 3948/36 + (-2)/(-6). Let b = f - l. What is w(b)?
-2
Let s(x) = -2*x**2 + 1. Let v = 153 + -157. Let k(d) = -5*d**2 + d + 4. Let z(c) = v*k(c) + 11*s(c). Give z(-4).
-21
Let n(f) = 382*f + 5361. Let j be n(-14). Let m(u) be the first derivative of -j + 5*u + 1/2*u**2. Give m(-6).
-1
Let s(i) = -13*i**3 - 16*i**2 - 14*i + 29. Let h(y) = -15*y**3 - 18*y**2 - 16*y + 32. Let f(t) = 6*h(t) - 7*s(t). Determine f(-4).
-19
Let z(w) = -w**3 - 9*w**2 + w + 4. Let q be z(-9). Let r(s) = 41 - s - 44 - 3. Give r(q).
-1
Let t(n) = -11*n**2 + n + 2*n**3 - 10*n**2 + 20*n**2 - 3*n. Suppose 131 - 123 = 4*h. Determine t(h).
8
Let b(o) = -2*o**3 + 20*o**2 + 2*o - 20. Let u(h) = -5*h**3 + 55*h**2 + 5*h - 59. Let i(v) = 8*b(v) - 3*u(v). Determine i(-3).
-4
Let y(g) = g**2 - 90*g + 1657. Let o be y(26). Let v(k) 